0903?
1
What is the thousands digit of 26678?
6
What is the hundreds digit of 2582?
5
What is the units digit of 59501?
1
What is the hundreds digit of 1034?
0
What is the tens digit of 672?
7
What is the tens digit of 5384?
8
What is the units digit of 23694?
4
What is the units digit of 18921?
1
What is the ten thousands digit of 136152?
3
What is the units digit of 367?
7
What is the tens digit of 1173?
7
What is the tens digit of 717?
1
What is the hundreds digit of 494?
4
What is the thousands digit of 12709?
2
What is the tens digit of 61322?
2
What is the units digit of 659?
9
What is the thousands digit of 8218?
8
What is the units digit of 865?
5
What is the units digit of 1797?
7
What is the hundreds digit of 134016?
0
What is the units digit of 24574?
4
What is the tens digit of 1132?
3
What is the thousands digit of 1788?
1
What is the hundreds digit of 3638?
6
What is the tens digit of 285?
8
What is the tens digit of 10085?
8
What is the units digit of 11101?
1
What is the units digit of 792?
2
What is the ten thousands digit of 47757?
4
What is the hundreds digit of 71621?
6
What is the hundreds digit of 89617?
6
What is the thousands digit of 11156?
1
What is the hundreds digit of 318?
3
What is the hundreds digit of 1207?
2
What is the hundreds digit of 55255?
2
What is the units digit of 319?
9
What is the units digit of 988?
8
What is the thousands digit of 93014?
3
What is the hundreds digit of 33580?
5
What is the hundreds digit of 862?
8
What is the tens digit of 8525?
2
What is the tens digit of 9742?
4
What is the units digit of 13669?
9
What is the tens digit of 5427?
2
What is the units digit of 673?
3
What is the hundreds digit of 1180?
1
What is the thousands digit of 3840?
3
What is the thousands digit of 8827?
8
What is the thousands digit of 6996?
6
What is the thousands digit of 3118?
3
What is the hundreds digit of 570?
5
What is the hundreds digit of 779?
7
What is the thousands digit of 17831?
7
What is the tens digit of 26583?
8
What is the tens digit of 222?
2
What is the hundreds digit of 2026?
0
What is the hundreds digit of 2932?
9
What is the ten thousands digit of 19175?
1
What is the thousands digit of 1370?
1
What is the tens digit of 1334?
3
What is the hundreds digit of 1573?
5
What is the thousands digit of 54713?
4
What is the tens digit of 4301?
0
What is the hundreds digit of 662?
6
What is the hundreds digit of 1347?
3
What is the tens digit of 1930?
3
What is the hundreds digit of 1726?
7
What is the hundreds digit of 71250?
2
What is the ten thousands digit of 27709?
2
What is the units digit of 41315?
5
What is the units digit of 11748?
8
What is the ten thousands digit of 18548?
1
What is the units digit of 1872?
2
What is the hundreds digit of 5594?
5
What is the units digit of 1130?
0
What is the hundreds digit of 40106?
1
What is the tens digit of 4636?
3
What is the hundreds digit of 670?
6
What is the tens digit of 9311?
1
What is the hundreds digit of 7693?
6
What is the thousands digit of 51556?
1
What is the thousands digit of 136869?
6
What is the ten thousands digit of 25953?
2
What is the thousands digit of 33096?
3
What is the tens digit of 418?
1
What is the hundreds digit of 3098?
0
What is the tens digit of 34367?
6
What is the units digit of 11?
1
What is the hundreds digit of 988?
9
What is the units digit of 9988?
8
What is the hundreds digit of 1857?
8
What is the thousands digit of 1940?
1
What is the hundreds digit of 3354?
3
What is the units digit of 7291?
1
What is the units digit of 6323?
3
What is the hundreds digit of 11859?
8
What is the tens digit of 6990?
9
What is the units digit of 5017?
7
What is the units digit of 259?
9
What is the units digit of 64?
4
What is the tens digit of 1168?
6
What is the hundreds digit of 351?
3
What is the hundreds digit of 8124?
1
What is the hundreds digit of 17706?
7
What is the tens digit of 315?
1
What is the thousands digit of 13267?
3
What is the tens digit of 3519?
1
What is the units digit of 1510?
0
What is the tens digit of 26407?
0
What is the hundreds digit of 3386?
3
What is the hundreds digit of 21865?
8
What is the hundreds digit of 601?
6
What is the units digit of 543?
3
What is the units digit of 43393?
3
What is the ten thousands digit of 73514?
7
What is the tens digit of 1074?
7
What is the hundreds digit of 2404?
4
What is the hundreds digit of 34835?
8
What is the units digit of 12247?
7
What is the thousands digit of 1884?
1
What is the thousands digit of 16743?
6
What is the tens digit of 1035?
3
What is the thousands digit of 1276?
1
What is the thousands digit of 1453?
1
What is the thousands digit of 51127?
1
What is the hundreds digit of 349?
3
What is the tens digit of 2155?
5
What is the tens digit of 2041?
4
What is the ten thousands digit of 20610?
2
What is the ten thousands digit of 12976?
1
What is the thousands digit of 11568?
1
What is the units digit of 2002?
2
What is the units digit of 39299?
9
What is the units digit of 35723?
3
What is the thousands digit of 1021?
1
What is the units digit of 31870?
0
What is the thousands digit of 3616?
3
What is the thousands digit of 2176?
2
What is the hundreds digit of 2018?
0
What is the tens digit of 88114?
1
What is the units digit of 4988?
8
What is the hundreds digit of 5798?
7
What is the units digit of 3543?
3
What is the thousands digit of 4728?
4
What is the units digit of 306?
6
What is the units digit of 49346?
6
What is the units digit of 25762?
2
What is the units digit of 132?
2
What is the units digit of 52698?
8
What is the hundreds digit of 6627?
6
What is the tens digit of 15518?
1
What is the hundreds digit of 271?
2
What is the tens digit of 52466?
6
What is the tens digit of 2331?
3
What is the tens digit of 380?
8
What is the tens digit of 5114?
1
What is the tens digit of 18613?
1
What is the tens digit of 13681?
8
What is the thousands digit of 2589?
2
What is the tens digit of 1101?
0
What is the thousands digit of 3600?
3
What is the units digit of 3294?
4
What is the units digit of 1383?
3
What is the hundreds digit of 5281?
2
What is the thousands digit of 15393?
5
What is the units digit of 4311?
1
What is the units digit of 9926?
6
What is the hundreds digit of 3939?
9
What is the hundreds digit of 2906?
9
What is the tens digit of 720?
2
What is the units digit of 45637?
7
What is the ten thousands digit of 18656?
1
What is the thousands digit of 1267?
1
What is the thousands digit of 22104?
2
What is the thousands digit of 10146?
0
What is the thousands digit of 6138?
6
What is the units digit of 15435?
5
What is the hundreds digit of 166743?
7
What is the hundreds digit of 1868?
8
What is the tens digit of 9865?
6
What is the units digit of 65?
5
What is the units digit of 55087?
7
What is the tens digit of 7671?
7
What is the units digit of 1932?
2
What is the units digit of 61665?
5
What is the tens digit of 656?
5
What is the units digit of 16718?
8
What is the hundreds digit of 177?
1
What is the tens digit of 3335?
3
What is the thousands digit of 2459?
2
What is the ten thousands digit of 14270?
1
What is the hundreds digit of 329?
3
What is the hundreds digit of 4217?
2
What is the tens digit of 440?
4
What is the ten thousands digit of 11218?
1
What is the ten thousands digit of 35922?
3
What is the tens digit of 98625?
2
What is the units digit of 692?
2
What is the tens digit of 2977?
7
What is the tens digit of 21267?
6
What is the units digit of 870?
0
What is the tens digit of 2923?
2
What is the units digit of 10535?
5
What is the hundreds digit of 87124?
1
What is the tens digit of 21017?
1
What is the tens digit of 91?
9
What is the thousands digit of 3745?
3
What is the units digit of 19344?
4
What is the tens digit of 7686?
8
What is the thousands digit of 97815?
7
What is the hundreds digit of 8981?
9
What is the tens digit of 1201?
0
What is the tens digit of 700?
0
What is the ten thousands digit of 99728?
9
What is the tens digit of 4119?
1
What is the tens digit of 1666?
6
What is the thousands digit of 5424?
5
What is the tens digit of 12654?
5
What is the ten thousands digit of 76062?
7
What is the units digit of 1722?
2
What is the hundreds digit of 336?
3
What is the tens digit of 3